 -132?
9
Let w(c) = -3*c - 25. Let n be w(-10). Suppose 3*f - 1534 = -2*f + o, -5*f + 1530 = -n*o. What is the tens digit of f?
0
Let x = -23 - -68. Let d = x - 30. What is the units digit of d?
5
Let w = 1422 - -2317. What is the tens digit of w?
3
Suppose 6*m - 4*m = 2*v + 2426, -8 = 4*v. What is the units digit of m?
1
Let j = 126 - 121. Suppose j*y - 315 = -130. What is the tens digit of y?
3
Let l = -12 - -18. Suppose 0 = 4*a - l*a - 8. What is the units digit of 65 + (0 - 0)/a?
5
Let k be -2*2*(-9)/12. Suppose 5*m - k*n - 17 = 0, 5*m - n = -2*n + 1. What is the tens digit of 32 + m*12/(-4)?
2
Suppose 2*d - 5*d = -66. Let u = -32 + d. Let y = u + 40. What is the tens digit of y?
3
Suppose -23*a = 13316 - 74864. What is the hundreds digit of a?
6
Let p be (-12)/(-7) + 34/119. Suppose -16 = -0*i - p*i. What is the units digit of i?
8
Suppose 0 = z - 105 - 69. What is the tens digit of (z/(-4))/((-4)/8)?
8
Let c(i) = -i - 19. Let f be c(-14). What is the units digit of (3 + f - -5) + -2?
1
Suppose 0 = 3*h + h - 16. Suppose 2*y - 2*t - 1 = -21, -2*t = h*y + 22. Let w(g) = -g**3 - 5*g**2 + 9*g - 9. What is the units digit of w(y)?
6
What is the tens digit of 2 - -770 - (13 + -9)?
6
Let m = 27 - 22. Suppose -m*h - 303 = -8*h. What is the tens digit of h?
0
Let d = 24 + -22. Suppose 0 = d*r - 4*r + 60. Let p = -6 + r. What is the tens digit of p?
2
Let a = 14 + -24. Let h(u) = u**3 + 10*u**2 + 2*u + 22. Let m be h(a). Suppose -m*x = -x - 20. What is the units digit of x?
0
Suppose 167 + 118 = -5*d. Let i = -24 - d. What is the tens digit of i?
3
Suppose 5*o - 13651 = 19*m - 22*m, -3*o = 3. What is the hundreds digit of m?
5
Let z(q) = 2*q**3 + q**2 - q + 1. Let k be z(2). Let a = 21 - k. Suppose -a*j = -4*j + 34. What is the tens digit of j?
1
Suppose 25*c - c = 3912. Suppose 0 = -3*v + 9 - 0. Suppose 4*b = -5*p + c, -b - 21 = -v*p + 87. What is the units digit of p?
5
Suppose 2*v - 2*q - 6 = 0, -4*q - 10 = 10. What is the tens digit of (-6)/(v*1/24)?
7
Let k(h) = -h**2 + 16*h + 10. Let y be k(15). Suppose -2*n + y = 3*n. Suppose n = o, -2*b + 2*o + 1 = -13. What is the units digit of b?
2
Let y(p) = -p**3 - 9*p**2 + p + 5. Let a be y(-7). Let d = a + 155. Let o = d + -39. What is the units digit of o?
6
Suppose -h - 16 = -5*w - 7, 0 = -2*h + 2*w + 14. Suppose 2*k = h*k - 612. What is the units digit of k?
8
Suppose -32 = 4*d + 368. Let g be 2/(-12) - d/24. Suppose -8 - g = -3*q. What is the units digit of q?
4
Suppose 52 = 5*a - 4*o, 2*o = -2*a + 3*a - 8. Let w be (80/a)/4*3. What is the tens digit of 246/15 + 3/w?
1
Suppose -2*r = 2*l - 0*r - 168, 340 = 4*l + 5*r. Let y = -5 + -19. Let o = y + l. What is the tens digit of o?
5
Let d = -2 - -7. Suppose -4*j - 8*t = -4*t - 860, j = -d*t + 231. What is the tens digit of j?
1
Suppose 4*q - 2*u + 6 = -u, -5*q + 2*u - 9 = 0. Let z be (-4)/q + (1 - 12). What is the units digit of 2658/42 + 2/z?
3
Let v(b) = 6*b + 62. Let z be v(-8). Suppose -z*d + 10*d + 1320 = 0. What is the tens digit of d?
3
Let p = 15 - 7. Suppose m - p = -m. What is the units digit of m?
4
Let i be (4/6)/(3/9). Let x be 1 + i + 3 + -4. What is the units digit of x*(2 + 5/2)?
9
Suppose -48 = 2*x - 6*x. Let i = -3 - x. Let a = i + 22. What is the units digit of a?
7
Let s = 2 + -8. Let h = 11 + s. Suppose 130 + h = 5*k. What is the tens digit of k?
2
Suppose -u = -2*t - 13, 0 + 20 = 5*t. Let m = 33 - u. Suppose -m = -4*a + 8. What is the units digit of a?
5
Let r = -48 + 83. What is the tens digit of r?
3
Suppose -49*s - 3645 = -52*s + 3*a, 2440 = 2*s + 3*a. What is the thousands digit of s?
1
Suppose 3*b + i - 1120 = 0, -3*b - 4*i + 9*i + 1150 = 0. What is the hundreds digit of b?
3
Suppose 0 = 5*p - 3127 + 182. What is the tens digit of p?
8
Suppose w + 231 = -3*o, -o + w + 3*w = 77. Let g = o - -171. Suppose -4*y + 178 = -g. What is the units digit of y?
8
Let m be (2 + 2345)*1 + 6/3. Suppose -g + m = 8*g. What is the hundreds digit of g?
2
Suppose -3*p = 2*i + 66, -5*p - i - 56 - 47 = 0. What is the units digit of 126/4 - (-10)/p?
1
Suppose -5*x + 52 = -2*x - 5*u, -33 = -2*x + 3*u. Let y(k) = -k**3 + 12*k**2 - 23*k + 11. What is the units digit of y(x)?
7
Suppose 2*y - 5*y + 4031 = 5*t, t - 3*y = 817. What is the tens digit of t?
0
Suppose 0 = -2*r + r - 2, -3*a = -r - 17. Suppose 0 = -g + a*m + 52, 0*m - 4*m - 16 = 0. Let b = 23 + g. What is the tens digit of b?
5
Suppose -5*v = -102 - 68. Suppose -v = -8*w - 2. What is the units digit of w?
4
Let u(i) = i - 4. Let f be u(8). Let w = 2 - -4. Suppose w*z - 4*z + 158 = f*t, -3*t = 4*z - 135. What is the units digit of t?
1
What is the hundreds digit of (-5 + 4405/15)/((-2)/(-3))?
4
Let w = 29 + -27. Suppose 10 + 107 = 5*x - 3*m, x + w*m = 26. What is the tens digit of x?
2
What is the units digit of (-80)/(-12) + 2/(-24)*-4?
7
Suppose 0*y - 3*y + 5*y = 0. Suppose y = n - 2*g + 28 - 105, -210 = -3*n - g. What is the units digit of n?
1
Suppose -5*k = -5*i + i + 23, -19 = -3*i + 2*k. Let z be 161 - 4/(-3 + i). Suppose -z - 55 = -5*b. What is the tens digit of b?
4
Suppose -2*k + 4 = -2. Suppose -k*y + 2*y + 5*u = 0, -y - 2*u - 21 = 0. What is the units digit of (-358)/y + 4/30?
4
Let l(d) = -2*d**3 + 3*d**2 - 3*d. Let x be l(3). Let u = 5 + -12. What is the units digit of u*2*x/24?
1
Let m = -2 + -6. Suppose -36 = -p - 5*b + 35, -b = -3. Let r = p - m. What is the tens digit of r?
6
Let u be (-18)/(-4) - (-5)/10. What is the units digit of (-4 + 5 - u) + 25?
1
Suppose 3*z + 4*l + 1920 = 5*z, l = -z + 969. What is the hundreds digit of z?
9
Let t(z) = 3*z**2 + 7*z - 86. What is the hundreds digit of t(22)?
5
Let q be 7/((-21)/36) - -2. Suppose 4*j = -2*d - 76, -2*d = -0*d - 4*j + 60. What is the units digit of d/q - 8/20?
3
Suppose c = 3*c + 22*c. Suppose -j + 6 = j. Suppose c = k + j - 57. What is the units digit of k?
4
Suppose 0 = 5*f - 3*l + 45, f - 8*l = -4*l - 9. Let w be (f/(-6))/(2/(-8)). Let j = -5 - w. What is the units digit of j?
1
Let l be 7/28 + (-7)/(-4). Suppose 0*z + 151 = 5*r - z, 4*r - 132 = -l*z. What is the tens digit of r?
3
Suppose -6*m + 9*m = 549. What is the tens digit of (m/(-9))/(1/(-6))?
2
Suppose 0 = -87*c + 84*c + 18. Suppose c*g + 66 - 432 = 0. What is the units digit of g?
1
Let j be (1336/(-64) - -7)*-8. Suppose 4*y = -4*u + 236, 4*u - 2*y = y + 264. Suppose 3*k = 3*c + u, 5*k - j = c + 2*c. What is the units digit of k?
4
Let c(s) = -16*s - 4. Let w be c(-4). Suppose -5*h + w = 5*q, 0*h + 15 = 5*h. Let a = 20 - q. What is the units digit of a?
1
Suppose 5*y - 7*y = 8. Let n(i) = i + 3. Let j be n(y). Let z(w) = -8*w + 1. What is the units digit of z(j)?
9
Suppose 5 = c + 4*w - 6, -5*c + 31 = -4*w. Let r(z) = 5*z - 1. Let f(x) = 24*x - 6. Let u(h) = 3*f(h) - 14*r(h). What is the units digit of u(c)?
0
Suppose 512*s = 501*s + 21626. What is the thousands digit of s?
1
Suppose 5*s = 7*s. Let v(l) = -l + 53. Let h be v(s). Suppose 4*j - h - 35 = -4*y, 2*y - 38 = -4*j. What is the tens digit of y?
2
Let m be (-600)/(-9)*(5 + -2). Suppose 11 = -3*c + m. What is the tens digit of c?
6
Let w = -724 + 1647. What is the units digit of w?
3
Let a = 823 - 792. What is the units digit of a?
1
Let s(u) = -u**3 - 3*u**2 + 2*u + 437. What is the hundreds digit of s(0)?
4
Let k(t) = -t**3 + t**2 + 2. Let x be k(0). Let u be ((-3)/x)/((-9)/66). Let m = 20 - u. What is the units digit of m?
9
Suppose 722*h = 735*h - 12740. What is the units digit of h?
0
Suppose 99 - 1555 = -d. What is the units digit of d?
6
Let s be (-84447)/(-132) - 2/(-8). Suppose 8*m - s = 1648. What is the units digit of m?
6
Let p(z) = -7*z + 18. Let b be p(2). Suppose 4*n = 3*n + 2. Suppose n*c + 5*l = 41, -l - 71 = -b*c - 0*l. What is the tens digit of c?
1
What is the tens digit of -30*(-3)/(-4 - (-1555)/370)?
4
Let z = -68 - -68. Suppose -4*f = 4*n - 7*n + 101, z = 5*f + 10. What is the units digit of n?
1
Suppose -7*w + 4*n - 61 = -2*w, 4*w + 20 = -4*n. Let y(t) = -38*t - 26. What is the hundreds digit of y(w)?
3
Suppose -2*k - 3*i + 365 = 0, 1022 = 5*k + 2*i + 104. Suppose -j + k = -90. What is the tens digit of j?
7
Let h(d) = -d**2 - 5*d - 6. Let x be h(-4). What is the hundreds digit of (2519/(-11))/(1 + x)?
2
Suppose -62*r + 2382 = -59*r. What is the tens digit of r?
9
Let h =